 Suppose -g - 3*o + 12 + i = 0, 2*o - 55 = -3*g. Is g a prime number?
True
Suppose 6*q - 24 = 2*q. Suppose -q*z + 700 = -z. Is (3/6)/(2/z) prime?
False
Suppose 17 = -2*w + 5. Let d = w - 5. Let j = 26 - d. Is j a prime number?
True
Suppose -s + 259 = -3*l, l - 623 - 154 = -3*s. Is s composite?
True
Let x be (501/15 + -1)*5. Let j = x - -84. Suppose 92 - j = -2*u. Is u composite?
True
Let n(i) = -929*i. Is n(-7) a composite number?
True
Let g = -6 + 11. Suppose 2*o = -g*m + 24, 0 = 5*o - 3*m + 1 + 1. Is ((-19)/o - 1)*-2 a prime number?
False
Let l = -211 + 305. Suppose 0 = 5*u - 3*u - l. Suppose -g - a = -5*g + u, 3*a + 9 = 0. Is g composite?
False
Suppose x = -2*x. Suppose x = -3*y - 36 - 180. Let g = y + 139. Is g prime?
True
Suppose -31 - 265 = -8*g. Is g a composite number?
False
Let x(m) = -171*m - 16. Let g be x(-12). Suppose -g = -4*h - 0*h. Is h composite?
False
Suppose 4*p = -8, 0 = 2*g + 3*p - 114 - 214. Is g a composite number?
False
Suppose 2*m = 4 + 10. Suppose 0 = -m*y + 2*y + 215. Is y a composite number?
False
Let t(c) = -4*c + 11. Is t(-14) a composite number?
False
Suppose -3*s - 7 = -4*s. Suppose -2*o - 50 = -s*o + 5*n, -4*o = 3*n - 19. Is o prime?
True
Suppose -2*w = 5*j - 469, 4*j - 3*w = 2*j + 199. Is j a composite number?
True
Let r be 3/(-6)*0/3. Suppose 5*u - 2*c = -r*c + 346, c = 2*u - 139. Suppose 0*x = 2*x - f - 65, -2*f = 2*x - u. Is x prime?
False
Let y = -64 + 491. Is y a composite number?
True
Let j be 4/(-3)*(-3)/2. Let x = j - 2. Suppose 5*y - 158 - 197 = x. Is y prime?
True
Suppose p + 4060 = 5*p. Suppose -4*q + j + p = q, q - 4*j - 203 = 0. Is q a prime number?
False
Suppose 7*m = 12*m - 25. Let u(b) = b - 1 - 3 + 6*b. Is u(m) composite?
False
Is (4/16)/(3/1788) a prime number?
True
Suppose 5*y + 118 = 28. Is 4/y + 4797/81 composite?
False
Suppose -2*t + 315 = -331. Is t composite?
True
Let y = -89 + 156. Is y a prime number?
True
Suppose 6*i - 5962 = 3440. Is i prime?
True
Suppose -4*y = -y + 54. Is (-2)/(-3) + (-186)/y a composite number?
False
Suppose -3*n = -5*n. Is 11/(n - (-2 - -1)) composite?
False
Let n(d) = 1 - 2 - 7 + 18*d + 1. Is n(4) a composite number?
True
Is (-3)/2*2 + 866 a prime number?
True
Suppose -2*a = -4*y + 2322, 435 = y + 3*a - 149. Is y a composite number?
True
Let i(f) = 5*f**2 - 3*f - 3. Is i(4) a prime number?
False
Let d = -3 - -89. Is d prime?
False
Is (-3 - -819)/2 - (-4)/4 composite?
False
Let d(l) = 265*l - 10. Is d(3) prime?
False
Let o be -3*(-2)/6*-42. Let b = o + 63. Let p = -11 + b. Is p prime?
False
Let p be 5/((-25)/177)*-5. Suppose -9*k = -6*k - p. Is k composite?
False
Let r be (-2 + 16)*(-4)/(-14). Suppose 3*a - 173 = 3*q + 619, -r*q = a - 259. Is a prime?
True
Let h(m) = m**3 + 7*m**2 - 9*m - 6. Let y be h(-8). Suppose 4*s - 5*l = 221, -y*l = -0*l - 6. Is s prime?
True
Let z = -16 + 11. Let o(j) = 5*j**2 + 3*j - 6. Let r be o(z). Let p = -25 + r. Is p a prime number?
True
Suppose 0*a - 2*a = -1222. Is a a prime number?
False
Suppose 4 = -4*i + 12. Is (-1)/((-105)/(-53) - i) prime?
True
Let l be 1 + 187 + (4 - 1). Suppose t - 62 - l = 0. Is t a prime number?
False
Let y(w) be the first derivative of 19*w**2/2 + 2*w + 1. Is y(5) a composite number?
False
Suppose -5*r + 9 = 3*b, -b = b - 3*r - 6. Suppose -4*i = 2*d - 1524, 5*i = i - b*d + 1528. Is i a composite number?
False
Is ((-29476)/(-2))/((-48)/(-24)) a composite number?
False
Let o = -3 - -3. Let h be (-2 - o) + 1*2. Suppose h = -4*r + 2*r + 74. Is r a composite number?
False
Suppose k - 5*h = -0*k + 501, -h - 1503 = -3*k. Is k prime?
False
Let v = -65 - -142. Is v prime?
False
Let l(i) = -i**2 + 2*i + 3*i**2 + 14 - 2*i**2 + i**2. Is l(-12) a prime number?
False
Let q(t) = 11*t**2 + 6*t - 4. Let f = 1 + 4. Is q(f) prime?
False
Let y = -4 + 4. Let a = 3 - y. Suppose a*n - 9 = 30. Is n composite?
False
Let i = -4 - -8. Let s be 10/6 - i/(-12). Suppose 0 = u + s - 17. Is u a composite number?
True
Let k = 362 - 258. Suppose -2*d + 19 = -5*h + 121, -4*h - 4*d + k = 0. Is h a composite number?
True
Let y = -2 - -3. Let t be (3 - (0 - 1)) + y. Suppose -t*p + 184 - 29 = 0. Is p a composite number?
False
Suppose -52 = 2*m + 152. Let h be (-2 - 105)*-2 - 1. Let y = h + m. Is y prime?
False
Let p(h) = -2*h**3 + 2*h**2 - 6*h - 6. Let f be p(-4). Is 1*f/(-4)*-2 composite?
False
Let q = -61 + 96. Is q composite?
True
Suppose 3*o - 2463 = -5*a, o + 1642 = 3*o + 4*a. Is o prime?
True
Let m = 178 - 83. Suppose m + 7 = b - 5*y, 2*b = 3*y + 169. Is b a composite number?
True
Let o = 759 + -40. Is o a composite number?
False
Let x(d) = 17*d - 2. Let b be 1/(-3 - -4) + 4. Is x(b) a composite number?
False
Let g = -60 - -271. Is g a prime number?
True
Suppose 0 = -2*g - 1 + 5. Let l be (9/g)/(3/28). Let r = l + 149. Is r prime?
True
Let s(d) = 6*d. Let o be s(3). Suppose -o = 2*a - 2. Let f = a - -45. Is f prime?
True
Let y(d) be the second derivative of -d**4/3 + 7*d**3/6 + 7*d**2/2 - d. Let u(s) = -2*s**2 + 4*s + 3. Let b(g) = -5*u(g) + 2*y(g). Is b(7) a prime number?
False
Let f = 11 + -85. Let z = -17 - f. Is z composite?
True
Let a(h) = 12*h**2 + 7*h + 17 + h**3 - 10 + 2*h. Is a(-9) composite?
True
Let f(j) = j + 5. Let z be f(-5). Suppose -2*h + 2*p + 100 = 0, -2*h + z*h - 3*p + 105 = 0. Is h a composite number?
True
Suppose -r + 1490 = 4*r. Suppose -4*s = r - 1478. Is s prime?
False
Let i be (8/(-6))/(2/240). Let v = i - -293. Is v composite?
True
Suppose 5*l - 57 = 4*f, -3*l + 0 - 1 = 2*f. Let y = 74 + -15. Let r = y - f. Is r a composite number?
False
Is ((-53)/(-4))/(1/4) composite?
False
Let v = -4 + 7. Suppose c - 49 = -4*h, v*c + 0*h - 99 = 4*h. Is c a prime number?
True
Suppose -v = -0*v. Suppose -m + 61 = 2*y, v = -5*m + m - 4. Is y a composite number?
False
Suppose -4*j - 3 = -5*j. Suppose -3*n = j*x - 12, 0 = 2*x + 2*n - n - 4. Suppose -b + 24 = -u, 4*b + 2*u - 4*u - 94 = x. Is b a prime number?
True
Is -2 + 31344/28 - (-3)/(-7) prime?
True
Let p = 1 - -7. Is 290/8 + 6/p prime?
True
Let q(d) be the second derivative of -d**3/6 + 2*d**2 - d. Let c be q(4). Suppose n - 2*n + 145 = c. Is n composite?
True
Let l(p) = p. Let v be l(4). Suppose -c + 3*i + 1 = v, i - 5 = -c. Suppose 16 = c*d - 2. Is d prime?
False
Let a(m) = m - m - 9*m + m**3 - 5*m**2 + 7 + m. Is a(9) a composite number?
True
Let g(r) = r**3 + 7*r**2 - 10*r - 3. Let w be g(-8). Let d = w - 8. Let f = d - -14. Is f prime?
True
Suppose 1644 = -2*i + 472. Let w be ((-78)/4 + 1)*-46. Let v = w + i. Is v prime?
False
Let s(v) = 293*v**2 - 2*v - 2. Is s(-1) composite?
False
Let m(z) = 2*z**2 + 11*z + 21. Is m(13) prime?
False
Is (138/12)/(1/4) a prime number?
False
Let q be 4/4*(620 + -1). Suppose -4*z = -3*d - 797, -2*z - 2*d = z - q. Is z composite?
True
Let f(h) = 3*h**2 + 4*h + 1. Let d be f(-3). Let s = 30 + d. Suppose 0*a + 2*j = 3*a - 29, j = -4*a + s. Is a composite?
False
Suppose -3*y + 254 = 4*m, -y = -0*m + 2*m - 86. Let n = 129 - y. Is n prime?
True
Suppose 1240 = w + 3*w. Suppose 0*v - w = -2*v. Is v a prime number?
False
Let t = 439 + 958. Is t a composite number?
True
Suppose 0 = 5*q - 567 - 218. Is q composite?
False
Suppose -3*u - 1 + 13 = 0. Suppose l + 3*h = -l - 13, h + 11 = -u*l. Is l/(((-12)/(-57))/(-2)) a composite number?
False
Suppose 3*u = 5*z + 86, 4*u - 148 = 2*z - 38. Suppose 2*k + k = u. Is k a prime number?
False
Let m be 6/10*(7 + -2). Suppose 0*c + c + m = 0, -3*b - 5*c = -24. Is b a prime number?
True
Let m be 1/5 + 144/30. Suppose 222 = m*y + 47. Is y prime?
False
Let w(b) = 52*b**2 - 5*b - 32. Is w(-5) prime?
False
Suppose -5*a + 3*u = -2*u - 45, -5*a = -2*u - 30. Let x(c) = 12*c + 1. Is x(a) composite?
True
Is (-1507)/33*18/(-2) a composite number?
True
Let s = 3 + -2. Let w be (s - 0) + 475 + -1. Suppose 0*d + 5*d = w. Is d a composite number?
True
Let i(u) = u**2 - 4*u - 4. Let v be i(4). Let r be (v/3 - -1)*-9. Suppose -2*l = r*j - 0*j - 31, j = -3*l + 8. Is j prime?
True
Suppose -4*q - 2*m + 6*m + 28 = 0, -q - 8 = 2*m. Suppose -q*f + f + 93 = 0. Is f a prime number?
False
Suppose 35*c = 42*c - 10297. Is c a composite number?
False
Let j(i) = -6*i**3 - 1. Let t be j(-1). Suppose -t*d - 16 = -121. Is d a prime number?
False
Let x = -9 + 17. Let c(h) = h**3 - 7*h**2 - 7*h - 9. Let r be c(x). Let z = 10 - r. Is z prime?